08 a multiple of 344?
True
Does 46 divide 4613?
False
Is 4602 a multiple of 59?
True
Does 26 divide 43784?
True
Does 9 divide 2468?
False
Does 33 divide 91179?
True
Is 140 a factor of 3413?
False
Does 12 divide 12551?
False
Is 27 a multiple of 2?
False
Does 26 divide 1086?
False
Is 31824 a multiple of 153?
True
Is 70 a factor of 678?
False
Does 7 divide 553?
True
Is 6 a factor of 141?
False
Is 70 a factor of 4270?
True
Does 12 divide 30021?
False
Does 79 divide 823?
False
Does 19 divide 12217?
True
Does 15 divide 1455?
True
Is 58 a factor of 10730?
True
Is 34 a factor of 34?
True
Is 2 even?
True
Is 247 a multiple of 13?
True
Is 528 a multiple of 33?
True
Is 11 a factor of 425?
False
Is 11 a factor of 6561?
False
Is 13992 a multiple of 13?
False
Is 8 a factor of 28056?
True
Is 955 a multiple of 28?
False
Does 68 divide 748?
True
Is 1064 a multiple of 40?
False
Is 7150 a multiple of 4?
False
Is 61 a factor of 1098?
True
Is 56 a multiple of 4?
True
Is 3 a factor of 23?
False
Does 290 divide 46400?
True
Is 1097 a multiple of 3?
False
Is 23953 a multiple of 17?
True
Does 3 divide 2423?
False
Is 1313 a multiple of 60?
False
Is 13 a factor of 390?
True
Is 2425 a multiple of 51?
False
Does 43 divide 11352?
True
Is 12665 a multiple of 17?
True
Is 9 a factor of 456?
False
Is 442 a multiple of 10?
False
Is 5571 a multiple of 21?
False
Is 9220 a multiple of 10?
True
Is 142 a factor of 38152?
False
Is 6 a factor of 1962?
True
Does 18 divide 1080?
True
Is 3762 a multiple of 22?
True
Is 50 a factor of 1357?
False
Does 104 divide 6484?
False
Does 8 divide 69840?
True
Is 8315 a multiple of 5?
True
Is 81 a factor of 883?
False
Is 1064 a multiple of 14?
True
Does 11 divide 693?
True
Is 1785 a multiple of 3?
True
Is 16692 a multiple of 52?
True
Is 2693 a multiple of 5?
False
Is 431 a multiple of 2?
False
Does 69 divide 8170?
False
Is 7 a factor of 22176?
True
Is 51 a factor of 1834?
False
Is 183 a factor of 7477?
False
Does 49 divide 1715?
True
Is 1186 a multiple of 122?
False
Is 339 even?
False
Is 3 a factor of 17835?
True
Is 55796 a multiple of 377?
True
Does 45 divide 3766?
False
Is 4032 a multiple of 14?
True
Is 28 a factor of 1036?
True
Is 28 a factor of 9160?
False
Is 776 even?
True
Is 216 a multiple of 6?
True
Does 51 divide 48324?
False
Is 18 a factor of 24?
False
Is 9882 a multiple of 5?
False
Does 29 divide 7018?
True
Does 24 divide 2112?
True
Is 26 a factor of 44325?
False
Is 3093 a multiple of 17?
False
Is 29954 a multiple of 6?
False
Is 94108 a multiple of 14?
True
Is 11032 a multiple of 9?
False
Does 16 divide 2128?
True
Is 2672 a multiple of 26?
False
Is 12 a factor of 274?
False
Is 65482 a multiple of 12?
False
Does 3 divide 654?
True
Does 9 divide 3483?
True
Does 31 divide 899?
True
Is 2128 a multiple of 12?
False
Is 11 a factor of 638?
True
Does 6 divide 2490?
True
Does 46 divide 1525?
False
Is 24 a factor of 6338?
False
Does 10 divide 2040?
True
Does 79 divide 4235?
False
Is 123 a factor of 7749?
True
Is 21 a factor of 26040?
True
Is 26 a factor of 30654?
True
Is 43 a factor of 20405?
False
Is 5983 a multiple of 47?
False
Is 491 a multiple of 38?
False
Is 4542 a multiple of 10?
False
Is 146 a factor of 3942?
True
Is 244 a multiple of 39?
False
Does 71 divide 64042?
True
Is 5803 a multiple of 119?
False
Does 5 divide 408?
False
Is 52 a factor of 7280?
True
Does 6 divide 330?
True
Does 19 divide 608?
True
Does 30 divide 9240?
True
Is 41 a factor of 738?
True
Is 17808 a multiple of 53?
True
Does 197 divide 31662?
False
Is 3 a factor of 1069?
False
Is 13 a factor of 1944?
False
Is 39 a factor of 4233?
False
Does 2 divide 974?
True
Is 6 a factor of 187?
False
Is 10395 a multiple of 11?
True
Is 35 a factor of 2057?
False
Is 25 a factor of 488?
False
Does 3 divide 183?
True
Does 15 divide 14981?
False
Is 3780 a multiple of 5?
True
Does 12 divide 10740?
True
Is 37128 a multiple of 119?
True
Is 16 a factor of 912?
True
Is 62559 a multiple of 189?
True
Does 18 divide 540?
True
Is 108 a multiple of 31?
False
Does 94 divide 476?
False
Is 121 a factor of 6776?
True
Does 36 divide 396?
True
Does 15 divide 895?
False
Is 20 a factor of 108140?
True
Is 19293 a multiple of 64?
False
Does 60 divide 21780?
True
Is 7 a factor of 588?
True
Does 3 divide 1545?
True
Is 507 a multiple of 39?
True
Does 84 divide 11256?
True
Is 51172 a multiple of 10?
False
Does 33 divide 1268?
False
Does 40 divide 480?
True
Does 79 divide 3239?
True
Is 2232 a multiple of 24?
True
Is 2370 a multiple of 13?
False
Is 162 a factor of 102037?
False
Is 78 a multiple of 17?
False
Is 17 a factor of 27302?
True
Is 1328 a multiple of 4?
True
Is 33 a factor of 2640?
True
Is 252 a factor of 27216?
True
Does 8 divide 861?
False
Is 17 a factor of 2329?
True
Is 8400 a multiple of 100?
True
Is 15 a factor of 16619?
False
Does 141 divide 58340?
False
Is 247 a multiple of 18?
False
Does 5 divide 610?
True
Is 271 a multiple of 10?
False
Is 6 a factor of 66?
True
Is 49404 a multiple of 13?
False
Is 637 a multiple of 22?
False
Does 43 divide 34701?
True
Is 13 a factor of 850?
False
Does 10 divide 6782?
False
Does 93 divide 7161?
True
Is 60461 a multiple of 66?
False
Is 25660 a multiple of 131?
False
Is 136 a multiple of 8?
True
Is 31 a factor of 4444?
False
Is 120 a factor of 16680?
True
Is 1676 a multiple of 76?
False
Does 175 divide 6475?
True
Is 8 a factor of 16984?
True
Is 12 a factor of 136?
False
Is 874 a multiple of 38?
True
Is 6960 a multiple of 6?
True
Is 7560 a multiple of 84?
True
Is 10 a factor of 2330?
True
Is 23 a factor of 874?
True
Does 113 divide 7261?
False
Is 822 a multiple of 14?
False
Is 25 a factor of 707?
False
Does 57 divide 19950?
True
Is 34 a factor of 408?
True
Does 339 divide 11187?
True
Is 440 a multiple of 4?
True
Is 90 a factor of 720?
True
Is 91428 a multiple of 57?
True
Does 69 divide 2457?
False
Is 1054 a multiple of 20?
False
Does 20 divide 2692?
False
Is 8 a factor of 24944?
True
Is 464 a multiple of 27?
False
Is 1481 a multiple of 129?
False
Does 55 divide 19121?
False
Does 52 divide 41184?
True
Does 4 divide 26057?
False
Does 19 divide 631?
False
Does 11 divide 639?
False
Is 24134 a multiple of 22?
True
Is 11 a factor of 22957?
True
Is 36645 a multiple of 35?
True
Does 6 divide 702?
True
Does 17 divide 750?
False
Does 58 divide 3480?
True
Is 8 a factor of 6874?
False
Is 30589 a multiple of 181?
True
Does 47 divide 1316?
True
Is 2989 a multiple of 10?
False
Does 28 divide 1008?
True
Is 44 a factor of 2552?
True
Is 15048 a multiple of 132?
True
Is 9 a factor of 1618?
False
Does 130 divide 20756?
False
Does 31 divide 170?
False
Does 6 divide 10224?
True
Does 48 divide 3563?
False
Does 20 divide 5424?
False
Is 29 a factor of 1541?
False
Is 3 a factor of 582?
True
Is 21350 a multiple of 14?
True
Is 30 a factor of 240?
True
Is 65 a factor of 16370?
False
Is 22146 a multiple of 204?
False
Is 1756 a multiple of 29?
False
Is 1974 a multiple of 27?
False
Is 23 a factor of 3289?
True
Is 442 a multiple of 43?
False
Is 12053 a multiple of 17?
True
Does 5 divide 23?
False
Is 561 a multiple of 11?
True
Is 33 a factor of 990?
True
Is 4908 a multiple of 12?
True
Is 13585 a multiple of 209?
True
Does 17 divide 85?
True
Is 459 a multiple of 3?
True
Does 10 divide 5015?
False
Does 18 divide 15206?
False
Is 97570 a multiple of 10?
True
Is 19 a factor of 677?
False
Does 17 divide 2210?
True
Is 18164 a multiple of 28?
False
Is 5477 a multiple of 94?
False
Is 15 a factor of 51?
False
Is 375 a multiple of 28?
False
Is 8795 a multiple of 16?
False
Is 5323 a multiple of 8?
False
Is 21 a factor of 19784?
False
Is 5618 a multiple of 140?
False
Does 97 divide 2522?
True
Is 26362 a multiple of 89?
False
Is 6607 a multiple of 25?
False
Does 100 divide 1700?
True
Is 8 a factor of 126?
False
Does 91 divide 32578?
True
Does 4 divide 4017?
False
Is 13 a factor of 49850?
False
Is 12450 a multiple of 150?
True
Is 478 a multiple of 27?
False
Is 20 a factor of 2380?
True
Does 6 divide 354?
True
Does 147 divide 9176?
False
Is 5539 a multiple of 8?
False
Does 4 divide 2772?
True
Does 12 divide 1056?
True
Is 944 a multiple of 43?
False
Does 12 divide 6118?
False
Does 4 divide 263?
False
Is 2700 a multiple of 125?
False
Is 32 a factor of 1632?
True
Is 15617 a multiple of 23?
True
Is 295 a multiple of 2?
Fals